et u(t) = 3*t - 1. What is u(a)?
-7
Let l(t) = -11041 + 2*t**3 - t**3 + 11010. What is l(0)?
-31
Let x(k) = 2 - 3 - k**2 + 2 + 7 - k - 7. Calculate x(1).
-1
Let w(b) be the second derivative of b**3/3 + b**2/2 + 261*b. Give w(6).
13
Let x(p) = -p**3 + p**2 + 2*p + 1. Let s be -3 - (6 + -27) - 2. Suppose 3*w - 21 = 57. Suppose 0 = 3*l + 5*b + w, -5*b - s = l - 3*l. Calculate x(l).
9
Let n(s) = -7*s**3 + 8*s**2 - 8*s + 3. Let r(f) = -6*f**3 + 8*f**2 - 8*f + 4. Suppose -9*u = -12*u - 15. Let g(y) = u*n(y) + 6*r(y). Give g(7).
2
Let f(p) = -4 - 36*p**2 + 37*p**2 - 23*p**3 + 0 + 3. What is f(-1)?
23
Let k(a) = -6*a + 10. Let i(p) = p - 1. Let r(m) = -m + 1. Let f(l) = 6*i(l) + 5*r(l). Let w(c) = 8*f(c) + k(c). Give w(-2).
-2
Suppose 12*b = 3 + 69. Let r(v) = 3*v**2 - b*v**2 - 2*v**2. Let x = 0 + 1. Calculate r(x).
-5
Let c = -27 + 223. Let m(l) = -l**2 + 97 - l + 101 + l**3 - c. Let f be ((-6)/4)/((-3)/(-4)). Give m(f).
-8
Let j(l) be the third derivative of l**8/6720 - l**7/504 + l**5/120 + 11*l**4/24 - 9*l**2. Let w(b) be the second derivative of j(b). Give w(5).
1
Let u = 10 - -3. Let q = u + -7. Let t(n) = -4 + 472*n + 466*n - 937*n. Give t(q).
2
Let a(x) = -x**2 - 5*x - 6. Let b(o) = o + 1. Let s(n) = a(n) + 6*b(n). Let c be (2/(-4))/((-7)/168). Let r = c - 11. Calculate s(r).
0
Let y(n) = n - 1. Let i(r) be the first derivative of r**4/4 + 5*r**3/3 + 1. Suppose 5 = -2*x - 2*a + 3, -5*x = -4*a + 41. Let c be i(x). Give y(c).
-1
Let w(s) be the first derivative of 6 + 1/2*s**3 + 1/12*s**4 - 2*s + 1/2*s**2. Let r(p) be the first derivative of w(p). What is r(-2)?
-1
Let l be ((-26)/8)/(2/8). Let m be 11/22 + l/(-2). Let x(z) = z**3 - 6*z**2 - 7*z - 2. Calculate x(m).
-2
Let m(y) = -4*y - 78. Suppose d + 19 + 3 = -z, 5*z + 2*d + 107 = 0. What is m(z)?
6
Let j(h) = h**3 + 4*h**2 - 2*h - 1. Let b(m) = -m**3 - 7*m**2 + 3*m + 16. Let g be b(-7). Determine j(g).
-16
Let o(k) = 23*k**2 - k - 7. Let x(q) = -29*q**2 + 9. Let r(u) = 5*o(u) + 4*x(u). Calculate r(-4).
5
Let c(y) = y**3 - 9*y**2 - 2*y + 17. Suppose 2*r = -4*d + 4*r + 36, 2*r = -2*d + 18. Calculate c(d).
-1
Let q(h) = h - 9. Suppose -5*p + 119 + 1 = 0. Let s be (p/10)/(9/30). Determine q(s).
-1
Let n(t) = -3*t + 1. Let u = 23 + -12. Suppose 3*q + u = 17. Suppose 0 = -3*j + q*x + 16, -2*x + 0 = 10. Calculate n(j).
-5
Let k(p) be the first derivative of -p**5/60 - 7*p**4/24 + p**3/3 - 13*p**2/2 - 14. Let l(o) be the second derivative of k(o). Determine l(-6).
8
Suppose -5*c + 3*c = c. Suppose -p + 2*f - f - 6 = c, -3*f + 10 = -p. Let h(s) be the first derivative of -s**4/4 - 5*s**3/3 - 3*s**2 - 5*s - 1. Determine h(p).
3
Let i be (-3 - -6)/((-3)/4) - 4. Let j be 9/(-1) + (i - -13). Let n(v) = -v**3 - 3*v**2 + 3*v - 2. Give n(j).
2
Let o(n) = 7 - 6*n - n - 2 + 5*n**2 + 0*n**2 - 4*n**2. Give o(5).
-5
Let g(a) = -2*a**3 - a**2 - a - 1. Let t be g(-1). Suppose -t = 2*c - 7. Let u(q) = -q**3 - 2 - 7*q + 5*q - 5*q**2 + c. What is u(-4)?
-7
Let h = 13 - 10. Let b(p) = 11*p**2 - 9*p + 11. Let j(n) = -5*n**2 + 4*n - 5. Let u(a) = -4*b(a) - 9*j(a). What is u(h)?
10
Let j = -60 + 66. Let c(l) = l**2 - 6*l. Calculate c(j).
0
Let o(l) = -6 + 2*l - 7*l + 2*l + 1. Let y be o(-3). Suppose -c - y*c = 30. Let n(w) = w**3 + 7*w**2 + 5*w. Give n(c).
6
Let y(f) be the second derivative of -f**5/20 - 5*f**4/6 - 2*f**3/3 + 5*f**2 + 889*f. Determine y(-10).
50
Let m(a) = -4*a**2 + a + 10. Suppose -3 = b + 3*q, -8 = 4*b - 5*q + 4. Let c(g) = 11*g**2 - 4*g - 29. Let j(f) = b*c(f) - 8*m(f). Give j(7).
-14
Suppose i = -3*g - 1, i + 0*g = 3*g + 11. Let s(x) = x**2 - 7*x - 8. Let v(r) = r**2 - 8*r - 9. Let j(a) = 4*s(a) - 3*v(a). Give j(i).
0
Let w be ((-20)/14)/(46/161). Suppose -3 = -2*z - 1. Let a(y) = z - 2 + y - 5*y**2 + 2 - y**3. Calculate a(w).
-4
Let g(i) be the second derivative of -i**6/240 - i**5/30 + i**4/6 + 12*i. Let v(m) be the third derivative of g(m). Give v(-3).
5
Suppose a - 5 = 2*r - 8, -3*a - 2*r + 15 = 0. Let q(u) = u**3 - 4*u**2 + 2*u + 3. Determine q(a).
0
Let s(t) = -t - 6. Suppose 4*j = -3*v - 17, 5*j - 2*v = 2*j - 17. Let n(w) = -3. Let p(g) = j*n(g) + 2*s(g). Calculate p(7).
-11
Let g(q) = -q**3 + q**2 - 5. Let j(p) = p**3 - 10*p**2 + 6. Let o(u) = 2*g(u) + j(u). Calculate o(-8).
-4
Suppose -3*q - 12 = -7*q. Let v(t) = 3 - 4 - t**q - 186*t**2 + 188*t**2 + 6*t. Calculate v(4).
-9
Let y = 6 + -4. Let j(u) be the second derivative of u**3/6 + u**2 - 2*u + 13. Calculate j(y).
4
Let a(w) = -2*w + 4. Let t(j) be the first derivative of j**4/4 + 2*j**3 + 4*j**2 + 10*j + 11. Let b be t(-5). Determine a(b).
14
Let a = 32 + -29. Let u = a - 5. Let r(b) = b**3 + 3*b**2 + 2*b - 1. Calculate r(u).
-1
Let v(s) = 2*s - 8. Let c(i) = -i**3 + 22*i**2 - 21*i + 11. Let w be c(21). What is v(w)?
14
Let p(f) = -f**3 + 3*f**2 - 2*f + 1. Let d = -8 - -29. Let z be 7/(d/2)*6. Let y be z/22 + (-31)/(-11). What is p(y)?
-5
Let s be (3/(-21))/((-19)/665). Let l(d) be the first derivative of d**3/3 - 3*d**2/2 + 1. What is l(s)?
10
Let a(h) = -14*h**2 + 8*h**2 + 7*h**2 + 4 + 7*h. Let r(y) = -2*y - 19. Let z be r(-6). Calculate a(z).
4
Let b(v) be the first derivative of v**4/4 + 7*v**3/3 + 5*v**2/2 - 11*v - 64. Give b(-6).
-5
Let o(h) = -6*h**2 + 4*h**2 + 3 + 7*h - 7*h**3 - 4*h + 6*h**3. Let v be (13 - (2 + -5)) + -2. Suppose 3*b - 10 = -d, b + b = 3*d + v. What is o(d)?
-3
Let d(h) = h**3 - 3*h**2 - 3*h + 5. Let t be 3/(3/36*-3 + 1). What is d(t)?
9
Let p be 2/((-16)/(-6))*-4. Let d(w) = 2*w**3 + 3*w - 4. Let o(q) = -3*q**3 + q**2 - 5*q + 7. Suppose -4 + 10 = -2*t. Let l(v) = t*o(v) - 5*d(v). What is l(p)?
-1
Let p = 10 + -10. Suppose -k = -4*g + 6, p*g - g - 8 = -5*k. Let v(m) = 6*m - 2*m**2 - 3*m + m**k - 4 - 4*m. What is v(0)?
-4
Let a(g) = g**3 - 2*g**2 - g - 4. Suppose 0 = -7*y + 3*y + 12. Calculate a(y).
2
Let v(a) be the second derivative of 0 - 1/6*a**3 + 33*a + 2*a**2. Calculate v(5).
-1
Suppose -18 = o - 8. Let d be (-18)/5 + ((-56)/o - 6). Let k(g) = g**3 + 6*g**2 + 6*g + 2. What is k(d)?
10
Suppose -i = -3*i - 6. Let t(k) = -5*k**2 - 5*k + 3. Let h(q) = -4*q**2 - 5*q + 4. Let w(v) = i*t(v) + 4*h(v). Calculate w(-5).
7
Let g(l) = -159 + 75 + 81 + 17*l - 10*l. What is g(-4)?
-31
Let h(m) = -4*m**2 - m. Let w be -4 - (-1 + (-1 - 0)). Let n(j) = j**3 + 5*j**2 + 2*j + 1. Let t(k) = w*n(k) - 3*h(k). Determine t(2).
-12
Let u(w) be the first derivative of w**5/30 + w**4/6 - 7*w**3/6 + 14*w**2 - 50. Let v(s) be the second derivative of u(s). Calculate v(-5).
23
Suppose -13 - 8 = 7*k. Let j(u) = u**3 + u**2 - 4*u + 1. Determine j(k).
-5
Let q(f) be the first derivative of f**2/2 + 9*f - 2. Suppose 6*i = 2*u + 4*i + 14, 4*u = 5*i - 25. Calculate q(u).
-1
Let t(l) = l**2 + 13*l - 12. Let h be t(-14). Let c(d) = d**2 - 7 - h*d + 6 + 2*d. What is c(-3)?
8
Let h(m) = 4*m**2 + 8*m - 4 - 8*m + m**3. Let c(k) = -k**2 - 31*k - 3. Let z be c(-31). Calculate h(z).
5
Suppose 163 = 7*v - 5. Suppose 0 = 5*z + 3*z + v. Let i(p) = p**2 + 5*p - 3. Determine i(z).
-9
Let n(q) = -11*q**2 + q**2 - 12*q + q**3 - 7 + q**2 - q**2 - 2*q**2. What is n(13)?
6
Let j(v) = 0*v**2 - 3 - 325*v + 319*v - 2*v**2 + 3*v**2. Calculate j(5).
-8
Let h = -2219 + 2222. Let q(f) = 11*f**2 - f. Let o(p) = 5*p**2. Let y(t) = 13*o(t) - 6*q(t). Give y(h).
9
Let i(z) = -2*z**2 - 32*z - 3. Let k be i(-16). Let t(n) = n**3 + 4*n**2 + 5*n. Calculate t(k).
-6
Let b(i) = 6*i + 2. Suppose -38*g + 48*g + 50 = 0. What is b(g)?
-28
Let k(g) = -g**3 - 18*g**2 + g + 20. Let o be k(-18). Let b(l) = 12 + 31*l**2 - 68*l**2 - 10*l + 38*l**o. Calculate b(8).
-4
Let o(f) = f + 2. Let w = -133 - -127. What is o(w)?
-4
Let l(i) = i**2 - 6*i - 5. Let w(c) = 2*c - 6. Let g be w(5). Suppose 5*a + 16 = g*z + 7*a, -14 = -5*z - 4*a. What is l(z)?
-5
Suppose -5*y - 20 = -4*q, q = y + 3*y + 5. Let x(t) = -3*t + q + 8*t - 3*t. Let j be (-6)/24 + 21/4. Give x(j).
15
Let n(f) = -3*f - 10. Let g = 469 - 476. What is n(g)?
11
Let i(o) be the third derivative of o**5/60 - 7*o**4/24 + o**3 - 19*o**2. Let p(y) be the first derivative of i(y). Calculate p(7).
7
Let b be 4 + (0 - -3)*11. Let q = b + -33. Let v(p) = -5 + 2*p**2 + 0*p**2 + 9*p - p**3 - 2*p. Give v(q).
-9
Let w(g) = 3*g + 4. Let m(b) = -16*b - 21. Let s(n) = 2*m(n) + 11*w(n). Let x be 6/(-1 - 1 - -4). Suppose -7 = x*j + 5*z, -3*j + 2